 factor of 1796 and 62208501?
449
What is the greatest common divisor of 514 and 544407212?
514
Calculate the greatest common divisor of 452 and 355611.
113
What is the greatest common divisor of 68486310 and 7290?
810
What is the highest common divisor of 1920 and 1745280?
1920
What is the greatest common divisor of 2263 and 878168?
31
Calculate the highest common divisor of 13761749 and 1389.
463
What is the greatest common factor of 25760 and 3252956?
28
Calculate the highest common factor of 4725 and 13025075.
175
What is the greatest common divisor of 73054647 and 161?
23
Calculate the greatest common factor of 48 and 2315208.
24
What is the highest common factor of 1364 and 10462252?
124
What is the greatest common factor of 942326 and 14674?
638
What is the highest common factor of 326869659 and 34?
17
What is the greatest common divisor of 9625100 and 4292?
116
Calculate the highest common factor of 11568 and 67752.
24
What is the greatest common factor of 81780251 and 1603?
1603
What is the highest common factor of 518753632 and 4768?
4768
What is the greatest common divisor of 11049191 and 1317?
439
Calculate the greatest common divisor of 103292 and 6965359.
527
What is the highest common divisor of 447552427 and 7?
7
Calculate the greatest common factor of 1843 and 918156.
19
What is the highest common factor of 158412 and 477692?
1228
What is the highest common factor of 536475 and 345?
345
What is the highest common factor of 14 and 61654243?
7
Calculate the greatest common factor of 389805 and 20715.
15
What is the greatest common divisor of 10 and 47773140?
10
Calculate the greatest common factor of 3364670 and 3565.
115
Calculate the greatest common divisor of 588 and 492576.
84
What is the greatest common factor of 12 and 147132948?
12
What is the greatest common factor of 52778 and 25762?
22
What is the greatest common factor of 50835 and 2559?
3
Calculate the highest common factor of 4482 and 13273200.
54
Calculate the greatest common divisor of 216 and 10829052.
108
What is the highest common divisor of 121 and 56802119?
121
What is the greatest common factor of 3576815 and 935?
55
What is the highest common divisor of 423885 and 1515?
15
Calculate the highest common divisor of 3339915 and 969.
57
What is the highest common factor of 538027 and 51611?
707
Calculate the greatest common factor of 2775950 and 1534.
118
Calculate the highest common divisor of 546606 and 3177.
9
What is the greatest common divisor of 200 and 49905550?
50
What is the greatest common divisor of 36660266 and 105228?
5846
Calculate the highest common factor of 2240 and 224462.
14
What is the greatest common factor of 90 and 70240510?
10
Calculate the highest common factor of 2272 and 3285667.
71
Calculate the greatest common divisor of 13484258 and 3352.
838
What is the greatest common factor of 102314165 and 5?
5
Calculate the greatest common factor of 13539950 and 100.
50
Calculate the highest common factor of 989 and 995762.
23
Calculate the greatest common factor of 112 and 35532126.
14
Calculate the greatest common divisor of 704970205 and 95.
95
Calculate the greatest common factor of 73026756 and 132.
132
What is the highest common divisor of 51293 and 4433?
11
What is the highest common divisor of 102485027 and 17?
17
Calculate the highest common factor of 28073502 and 4981.
293
Calculate the greatest common factor of 1492 and 99750644.
1492
What is the greatest common divisor of 4255533 and 144?
9
What is the greatest common divisor of 16 and 2218222?
2
Calculate the greatest common factor of 330 and 554565.
165
Calculate the highest common factor of 196863702 and 12.
6
What is the highest common divisor of 113765080 and 60?
20
Calculate the greatest common factor of 491184 and 383472.
144
What is the greatest common divisor of 1635224625 and 675?
675
What is the highest common divisor of 1046 and 4358159?
523
What is the highest common divisor of 1807266624 and 48?
48
What is the highest common factor of 4920 and 17335180?
20
Calculate the highest common factor of 14 and 56750113.
7
What is the highest common divisor of 728 and 77187019?
91
Calculate the highest common factor of 29253042 and 49140.
4914
What is the highest common factor of 1725790 and 1740?
290
Calculate the greatest common divisor of 1634431 and 9401.
1343
Calculate the highest common divisor of 71315 and 50150.
85
Calculate the highest common factor of 105617647 and 333.
37
Calculate the highest common factor of 84952 and 284752.
296
What is the greatest common divisor of 1 and 778790?
1
Calculate the greatest common factor of 676 and 215964606.
26
Calculate the highest common factor of 1767364 and 416.
4
Calculate the greatest common factor of 320451 and 615480.
669
Calculate the greatest common factor of 35214372 and 156.
12
Calculate the highest common factor of 2976618 and 1450.
58
What is the highest common factor of 5776100 and 47704?
356
Calculate the highest common divisor of 6264 and 3213896.
232
What is the greatest common divisor of 904 and 28558716?
452
What is the highest common factor of 378 and 517621482?
378
Calculate the highest common factor of 1205488 and 26.
2
Calculate the highest common factor of 10900 and 6050917.
109
What is the highest common factor of 1095 and 35205?
15
What is the highest common divisor of 780650 and 137150?
650
What is the highest common divisor of 499469 and 1739?
47
Calculate the greatest common factor of 28 and 6112736.
28
Calculate the highest common factor of 20517419 and 526.
263
Calculate the greatest common factor of 18232 and 5559276.
212
Calculate the greatest common factor of 58675389 and 18843.
1713
Calculate the greatest common divisor of 4635232 and 98.
14
What is the greatest common divisor of 61445 and 1?
1
What is the greatest common divisor of 1295200 and 4900?
100
Calculate the highest common factor of 1743120 and 2835.
405
What is the highest common factor of 191514 and 3128652?
354
Calculate the highest common divisor of 5302 and 187016.
482
Calculate the highest common divisor of 18676906 and 8.
2
What is the greatest common factor of 74297630 and 3630?
1210
Calculate the highest common divisor of 899080 and 84664.
152
What is the highest common factor of 18313306 and 790?
158
Calculate the greatest common divisor of 496692 and 76139.
511
What is the highest common factor of 24 and 16530369?
3
What is the highest common divisor of 26809 and 2679323?
1577
What is the greatest common factor of 2531173 and 391?
23
What is the greatest common factor of 11693712 and 1469232?
8592
What is the highest common factor of 80312958 and 747?
747
Calculate the greatest common factor of 309895 and 13225.
5
What is the greatest common factor of 52668510 and 34365?
1185
What is the highest common factor of 40 and 165114505?
5
What is the highest common factor of 8 and 141725828?
4
Calculate the greatest common factor of 2916 and 2134742364.
2916
Calculate the highest common factor of 351569 and 2808139.
1471
Calculate the highest common divisor of 47122852 and 1736.
868
What is the highest common factor of 83657551 and 5769?
641
What is the greatest common divisor of 30 and 2217063300?
30
Calculate the greatest common divisor of 815280844 and 28.
28
Calculate the highest common divisor of 45898980 and 272.
68
Calculate the highest common factor of 511270 and 387614.
2378
Calculate the highest common factor of 1569169 and 50246.
679
Calculate the greatest common factor of 270825 and 3243.
69
Calculate the greatest common factor of 297 and 319143.
33
Calculate the highest common divisor of 15598812 and 36.
12
Calculate the highest common divisor of 240 and 60123680.
80
Calculate the highest common divisor of 231 and 25599024.
33
Calculate the greatest common factor of 72496544 and 32.
32
What is the greatest common divisor of 2215 and 99646648?
443
Calculate the highest common factor of 968289 and 204197.
6587
Calculate the greatest common factor of 143376 and 3790812.
1236
Calculate the greatest common factor of 2331270 and 150.
30
What is the greatest common divisor of 352506 and 20852790?
4578
What is the greatest common factor of 410176891 and 1108?
277
What is the highest common factor of 813 and 10609108?
271
Ca